{"id":454,"date":"2022-11-23T10:01:11","date_gmt":"2022-11-23T13:01:11","guid":{"rendered":"https:\/\/padregraziano.com\/?page_id=454"},"modified":"2022-11-24T19:54:43","modified_gmt":"2022-11-24T22:54:43","slug":"biografia","status":"publish","type":"page","link":"https:\/\/padregraziano.com\/index.php\/biografia\/","title":{"rendered":"Biografia"},"content":{"rendered":"\t\t<div data-elementor-type=\"wp-page\" data-elementor-id=\"454\" class=\"elementor elementor-454\">\n\t\t\t\t\t\t\t\t\t<section class=\"elementor-section elementor-top-section elementor-element elementor-element-2e47fa5a elementor-section-boxed elementor-section-height-default elementor-section-height-default\" data-id=\"2e47fa5a\" data-element_type=\"section\" data-settings=\"{&quot;jet_parallax_layout_list&quot;:[]}\">\n\t\t\t\t\t\t<div class=\"elementor-container elementor-column-gap-default\">\n\t\t\t\t\t<div class=\"elementor-column elementor-col-100 elementor-top-column elementor-element elementor-element-7b1bf962\" data-id=\"7b1bf962\" data-element_type=\"column\">\n\t\t\t<div class=\"elementor-widget-wrap elementor-element-populated\">\n\t\t\t\t\t\t\t\t<div class=\"elementor-element elementor-element-6dbff14e elementor-widget elementor-widget-spacer\" data-id=\"6dbff14e\" data-element_type=\"widget\" data-widget_type=\"spacer.default\">\n\t\t\t\t<div class=\"elementor-widget-container\">\n\t\t\t<style>\/*! elementor - v3.8.1 - 13-11-2022 *\/\n.elementor-column .elementor-spacer-inner{height:var(--spacer-size)}.e-con{--container-widget-width:100%}.e-con-inner>.elementor-widget-spacer,.e-con>.elementor-widget-spacer{width:var(--container-widget-width,var(--spacer-size));-ms-flex-item-align:stretch;align-self:stretch;-ms-flex-negative:0;flex-shrink:0}.e-con-inner>.elementor-widget-spacer>.elementor-widget-container,.e-con-inner>.elementor-widget-spacer>.elementor-widget-container>.elementor-spacer,.e-con>.elementor-widget-spacer>.elementor-widget-container,.e-con>.elementor-widget-spacer>.elementor-widget-container>.elementor-spacer{height:100%}.e-con-inner>.elementor-widget-spacer>.elementor-widget-container>.elementor-spacer>.elementor-spacer-inner,.e-con>.elementor-widget-spacer>.elementor-widget-container>.elementor-spacer>.elementor-spacer-inner{height:var(--container-widget-height,var(--spacer-size))}<\/style>\t\t<div class=\"elementor-spacer\">\n\t\t\t<div class=\"elementor-spacer-inner\"><\/div>\n\t\t<\/div>\n\t\t\t\t<\/div>\n\t\t\t\t<\/div>\n\t\t\t\t<div class=\"elementor-element elementor-element-4a59698 elementor-widget elementor-widget-spacer\" data-id=\"4a59698\" data-element_type=\"widget\" data-widget_type=\"spacer.default\">\n\t\t\t\t<div class=\"elementor-widget-container\">\n\t\t\t\t\t<div class=\"elementor-spacer\">\n\t\t\t<div class=\"elementor-spacer-inner\"><\/div>\n\t\t<\/div>\n\t\t\t\t<\/div>\n\t\t\t\t<\/div>\n\t\t\t\t\t<\/div>\n\t\t<\/div>\n\t\t\t\t\t\t\t<\/div>\n\t\t<\/section>\n\t\t\t\t<section class=\"elementor-section elementor-top-section elementor-element elementor-element-5618ba8e elementor-section-height-min-height elementor-section-full_width elementor-section-height-default elementor-section-items-middle\" data-id=\"5618ba8e\" data-element_type=\"section\" data-settings=\"{&quot;background_background&quot;:&quot;gradient&quot;,&quot;shape_divider_bottom&quot;:&quot;waves&quot;,&quot;jet_parallax_layout_list&quot;:[]}\">\n\t\t\t\t\t\t\t<div class=\"elementor-background-overlay\"><\/div>\n\t\t\t\t\t\t<div class=\"elementor-shape elementor-shape-bottom\" data-negative=\"false\">\n\t\t\t<svg xmlns=\"http:\/\/www.w3.org\/2000\/svg\" viewBox=\"0 0 1000 100\" preserveAspectRatio=\"none\">\n\t<path class=\"elementor-shape-fill\" d=\"M421.9,6.5c22.6-2.5,51.5,0.4,75.5,5.3c23.6,4.9,70.9,23.5,100.5,35.7c75.8,32.2,133.7,44.5,192.6,49.7\n\tc23.6,2.1,48.7,3.5,103.4-2.5c54.7-6,106.2-25.6,106.2-25.6V0H0v30.3c0,0,72,32.6,158.4,30.5c39.2-0.7,92.8-6.7,134-22.4\n\tc21.2-8.1,52.2-18.2,79.7-24.2C399.3,7.9,411.6,7.5,421.9,6.5z\"\/>\n<\/svg>\t\t<\/div>\n\t\t\t\t\t<div class=\"elementor-container elementor-column-gap-default\">\n\t\t\t\t\t<div class=\"elementor-column elementor-col-100 elementor-top-column elementor-element elementor-element-1f84adf8\" data-id=\"1f84adf8\" data-element_type=\"column\">\n\t\t\t<div class=\"elementor-widget-wrap elementor-element-populated\">\n\t\t\t\t\t\t\t\t<div class=\"elementor-element elementor-element-98b0fa6 elementor-widget elementor-widget-heading\" data-id=\"98b0fa6\" data-element_type=\"widget\" data-widget_type=\"heading.default\">\n\t\t\t\t<div class=\"elementor-widget-container\">\n\t\t\t<style>\/*! elementor - v3.8.1 - 13-11-2022 *\/\n.elementor-heading-title{padding:0;margin:0;line-height:1}.elementor-widget-heading .elementor-heading-title[class*=elementor-size-]>a{color:inherit;font-size:inherit;line-height:inherit}.elementor-widget-heading .elementor-heading-title.elementor-size-small{font-size:15px}.elementor-widget-heading .elementor-heading-title.elementor-size-medium{font-size:19px}.elementor-widget-heading .elementor-heading-title.elementor-size-large{font-size:29px}.elementor-widget-heading .elementor-heading-title.elementor-size-xl{font-size:39px}.elementor-widget-heading .elementor-heading-title.elementor-size-xxl{font-size:59px}<\/style><h2 class=\"elementor-heading-title elementor-size-default\">Uma breve biografia do Padre Graziano<\/h2>\t\t<\/div>\n\t\t\t\t<\/div>\n\t\t\t\t\t<\/div>\n\t\t<\/div>\n\t\t\t\t\t\t\t<\/div>\n\t\t<\/section>\n\t\t<div class=\"elementor-element elementor-element-f6a743b e-con-boxed elementor-invisible e-con\" data-id=\"f6a743b\" data-element_type=\"container\" data-settings=\"{&quot;animation&quot;:&quot;slideInUp&quot;,&quot;content_width&quot;:&quot;boxed&quot;}\">\n\t\t\t\t\t<div class=\"e-con-inner\">\n\t\t\t\t<div class=\"elementor-element elementor-element-656634e elementor-widget__width-initial elementor-widget elementor-widget-image\" data-id=\"656634e\" data-element_type=\"widget\" data-widget_type=\"image.default\">\n\t\t\t\t<div class=\"elementor-widget-container\">\n\t\t\t<style>\/*! elementor - v3.8.1 - 13-11-2022 *\/\n.elementor-widget-image{text-align:center}.elementor-widget-image a{display:inline-block}.elementor-widget-image a img[src$=\".svg\"]{width:48px}.elementor-widget-image img{vertical-align:middle;display:inline-block}<\/style>\t\t\t\t\t\t\t\t\t\t\t\t<img loading=\"lazy\" decoding=\"async\" width=\"1080\" height=\"1080\" src=\"https:\/\/padregraziano.com\/wp-content\/uploads\/2022\/11\/Biografia-1-1.png\" class=\"attachment-full size-full\" alt=\"\" srcset=\"https:\/\/padregraziano.com\/wp-content\/uploads\/2022\/11\/Biografia-1-1.png 1080w, https:\/\/padregraziano.com\/wp-content\/uploads\/2022\/11\/Biografia-1-1-300x300.png 300w, https:\/\/padregraziano.com\/wp-content\/uploads\/2022\/11\/Biografia-1-1-1024x1024.png 1024w, https:\/\/padregraziano.com\/wp-content\/uploads\/2022\/11\/Biografia-1-1-150x150.png 150w, https:\/\/padregraziano.com\/wp-content\/uploads\/2022\/11\/Biografia-1-1-768x768.png 768w, https:\/\/padregraziano.com\/wp-content\/uploads\/2022\/11\/Biografia-1-1-600x600.png 600w\" sizes=\"(max-width: 1080px) 100vw, 1080px\" \/>\t\t\t\t\t\t\t\t\t\t\t\t\t\t\t<\/div>\n\t\t\t\t<\/div>\n\t\t\t\t\t<\/div>\n\t\t\t\t<\/div>\n\t\t<div class=\"elementor-element elementor-element-cf437b5 e-con-boxed elementor-invisible e-con\" data-id=\"cf437b5\" data-element_type=\"container\" data-settings=\"{&quot;animation&quot;:&quot;fadeIn&quot;,&quot;content_width&quot;:&quot;boxed&quot;}\">\n\t\t\t\t\t<div class=\"e-con-inner\">\n\t\t\t\t<div class=\"elementor-element elementor-element-c78a6fa elementor-widget elementor-widget-text-editor\" data-id=\"c78a6fa\" data-element_type=\"widget\" data-widget_type=\"text-editor.default\">\n\t\t\t\t<div class=\"elementor-widget-container\">\n\t\t\t<style>\/*! elementor - v3.8.1 - 13-11-2022 *\/\n.elementor-widget-text-editor.elementor-drop-cap-view-stacked .elementor-drop-cap{background-color:#818a91;color:#fff}.elementor-widget-text-editor.elementor-drop-cap-view-framed .elementor-drop-cap{color:#818a91;border:3px solid;background-color:transparent}.elementor-widget-text-editor:not(.elementor-drop-cap-view-default) .elementor-drop-cap{margin-top:8px}.elementor-widget-text-editor:not(.elementor-drop-cap-view-default) .elementor-drop-cap-letter{width:1em;height:1em}.elementor-widget-text-editor .elementor-drop-cap{float:left;text-align:center;line-height:1;font-size:50px}.elementor-widget-text-editor .elementor-drop-cap-letter{display:inline-block}<\/style>\t\t\t\t<h2><strong>1957<\/strong><\/h2><p><em>Padre Graziano Cirina<\/em>, nasceu em 24 de maio de 1957 na cidade de Cagliari, uma ilha na regi\u00e3o da Sardenha, It\u00e1lia.<\/p><h2><strong>1984<\/strong><\/h2><p>No ano de 1984 formou-se em Teologia e, posteriormente, concluiu a p\u00f3s-gradua\u00e7\u00e3o em Teologia Pastoral na Pontif\u00edcia Faculdade do Sagrado Cora\u00e7\u00e3o em Mil\u00e3o.<\/p><p>E em 23 de abril do mesmo ano foi ordenado padre em sua cidade na par\u00f3quia S\u00e3o Carlos Borromeu e ingressou na Comunidade Mission\u00e1ria de Villaregia.<\/p><h2><strong>1988<\/strong><\/h2><p>Visitou o Brasil pela primeira vez em 1988 onde atuou na Par\u00f3quia de S\u00e3o Sebasti\u00e3o em Belo Horizonte, Minas Gerais<\/p><h2><strong>1989<\/strong><\/h2><p>O primeiro contato de Padre Graziano com Po\u00e7os de Caldas foi em 1989, onde veio ministrar um encontro para jovens da Pastoral da Juventude sobre a experi\u00eancia de viver em comunidade; experi\u00eancia essa que ele e sua equipe viviam em Belo Horizonte na Comunidade de Beth\u00e2nia. Pouco depois ele estreitou la\u00e7os de amizade com a fam\u00edlia Resende em Po\u00e7os de Caldas, onde cresceu seu amor pela cidade, vindo ap\u00f3s isso ser vig\u00e1rio na Par\u00f3quia S\u00e3o Jo\u00e3o Bosco.<\/p><h2><strong>1994<\/strong><\/h2><p>Ap\u00f3s a primeira visita retornou a It\u00e1lia onde amadureceu seu chamado mission\u00e1rio e em 1994 veio em definitivo para o Brasil sendo incardinado na Diocese de Guaxup\u00e9, onde foi vig\u00e1rio na par\u00f3quia S\u00e3o Jo\u00e3o Bosco de Po\u00e7os de Caldas at\u00e9 1999.<\/p><h2><strong>1999<\/strong><\/h2><p>Em abril 1999 recebeu a tarefa de fundar uma nova par\u00f3quia em Po\u00e7os de Caldas. Esta foi dedicada ao <strong><em>Sagrado Cora\u00e7\u00e3o de Jesus<\/em><\/strong>. L\u00e1 permaneceu como p\u00e1roco at\u00e9 o dia 4 de abril de 2018, ap\u00f3s essa data continuou sua miss\u00e3o no Sagrado como p\u00e1roco em\u00e9rito.<\/p><p>Tamb\u00e9m em 1999 fundou a <strong><em>Companhia de Artes Vamos Minha Gente<\/em><\/strong>, onde permaneceu diretor e presidente de honra, cujo maior trabalho foi o espet\u00e1culo <em>\u201cVamos Minha Gente\u201d<\/em> que revelou toda a dimens\u00e3o art\u00edstica e cultural do Padre Graziano ao traduzir e adaptar para o Brasil o famoso musical italiano sobre S\u00e3o Francisco de Assis. Tamb\u00e9m exerceu seu talento art\u00edstico em participa\u00e7\u00f5es e grava\u00e7\u00f5es de CD\u2019s de m\u00fasicas cat\u00f3licas.<\/p><h2><strong>2005<\/strong><\/h2><p>Na sociedade civil foi <strong><em>Agente Consular da It\u00e1lia<\/em><\/strong> em Po\u00e7os de Caldas de 2005 a 2018, cumprindo sua miss\u00e3o e trabalho de forma volunt\u00e1ria auxiliando os imigrantes italianos do Sul de Minas e seus descendentes.<\/p><h2><strong>2007<\/strong><\/h2><p>No ano de 2007 fundou a <strong><em>APHAS &#8211; Associa\u00e7\u00e3o de Promo\u00e7\u00e3o Humana e A\u00e7\u00e3o Social<\/em><\/strong> e permaneceu presidente at\u00e9 novembro de 2020.<\/p><p>O objetivo da APHAS \u00e9 integrar e promover o desenvolvimento das pessoas, especialmente as que vivem em situa\u00e7\u00e3o de vulnerabilidade social, por meio de a\u00e7\u00f5es baseadas nas pol\u00edticas p\u00fablicas de assist\u00eancia social. Obra que est\u00e1 em constante expans\u00e3o e cresce a cada ano gerando frutos e mais frutos da semente um dia plantada pelo padre Graziano.<\/p><h2><strong>2012<\/strong><\/h2><p>No ano de 2012 participou da funda\u00e7\u00e3o do <strong><em>C\u00edrculo \u00cdtalo Brasileiro do Sul de Minas<\/em><\/strong>, no qual permaneceu integrante at\u00e9 sua morte.<\/p><p>A associa\u00e7\u00e3o tem por objetivo favorecer e fortalecer a integra\u00e7\u00e3o entre brasileiros e italianos resgatando e incentivando a tradi\u00e7\u00e3o e cultura italiana.<\/p><h2><strong>2020<\/strong><\/h2><p>Na noite do dia 30 de novembro de 2020 retornou ao Pai onde olha e intercede por todos n\u00f3s.<\/p><h2><strong>2021<\/strong><\/h2><p>Pouco tempo ap\u00f3s a sua partida, em 2021, foi criado o <strong><em>Memorial Padre Graziano Cirina<\/em><\/strong> que tem por objetivo promover o conhecimento da sua vida como modelo de viv\u00eancia crist\u00e3, sacerdotal e cidad\u00e3, preservando e resgatando sua mem\u00f3ria e legado para assim dar continuidade a seus projetos e sonhos.<\/p>\t\t\t\t\t\t<\/div>\n\t\t\t\t<\/div>\n\t\t\t\t\t<\/div>\n\t\t\t\t<\/div>\n\t\t\t\t\t\t\t<\/div>\n\t\t","protected":false},"excerpt":{"rendered":"<p>Uma breve biografia do Padre Graziano 1957 Padre Graziano Cirina, nasceu em 24 de maio de 1957 na cidade de Cagliari, uma ilha na regi\u00e3o da Sardenha, It\u00e1lia. 1984 No ano de 1984 formou-se em Teologia e, posteriormente, concluiu a p\u00f3s-gradua\u00e7\u00e3o em Teologia Pastoral na Pontif\u00edcia Faculdade do Sagrado Cora\u00e7\u00e3o em Mil\u00e3o. E em 23 [&hellip;]<\/p>\n","protected":false},"author":1,"featured_media":0,"parent":0,"menu_order":0,"comment_status":"closed","ping_status":"closed","template":"elementor_header_footer","meta":{"footnotes":""},"yoast_head":"<!-- This site is optimized with the Yoast SEO plugin v19.11 - https:\/\/yoast.com\/wordpress\/plugins\/seo\/ -->\n<title>Biografia - Memorial Padre Graziano Cirina<\/title>\n<meta name=\"robots\" content=\"index, follow, max-snippet:-1, max-image-preview:large, max-video-preview:-1\" \/>\n<link rel=\"canonical\" href=\"https:\/\/padregraziano.com\/index.php\/biografia\/\" \/>\n<meta property=\"og:locale\" content=\"pt_BR\" \/>\n<meta property=\"og:type\" content=\"article\" \/>\n<meta property=\"og:title\" content=\"Biografia - Memorial Padre Graziano Cirina\" \/>\n<meta property=\"og:description\" content=\"Uma breve biografia do Padre Graziano 1957 Padre Graziano Cirina, nasceu em 24 de maio de 1957 na cidade de Cagliari, uma ilha na regi\u00e3o da Sardenha, It\u00e1lia. 1984 No ano de 1984 formou-se em Teologia e, posteriormente, concluiu a p\u00f3s-gradua\u00e7\u00e3o em Teologia Pastoral na Pontif\u00edcia Faculdade do Sagrado Cora\u00e7\u00e3o em Mil\u00e3o. E em 23 [&hellip;]\" \/>\n<meta property=\"og:url\" content=\"https:\/\/padregraziano.com\/index.php\/biografia\/\" \/>\n<meta property=\"og:site_name\" content=\"Memorial Padre Graziano Cirina\" \/>\n<meta property=\"article:publisher\" content=\"https:\/\/www.facebook.com\/MemorialPadreGraziano\" \/>\n<meta property=\"article:modified_time\" content=\"2022-11-24T22:54:43+00:00\" \/>\n<meta property=\"og:image\" content=\"https:\/\/padregraziano.com\/wp-content\/uploads\/2022\/11\/Biografia-1-1.png\" \/>\n<meta name=\"twitter:card\" content=\"summary_large_image\" \/>\n<meta name=\"twitter:label1\" content=\"Est. tempo de leitura\" \/>\n\t<meta name=\"twitter:data1\" content=\"3 minutos\" \/>\n<script type=\"application\/ld+json\" class=\"yoast-schema-graph\">{\"@context\":\"https:\/\/schema.org\",\"@graph\":[{\"@type\":\"WebPage\",\"@id\":\"https:\/\/padregraziano.com\/index.php\/biografia\/\",\"url\":\"https:\/\/padregraziano.com\/index.php\/biografia\/\",\"name\":\"Biografia - Memorial Padre Graziano Cirina\",\"isPartOf\":{\"@id\":\"https:\/\/padregraziano.com\/#website\"},\"datePublished\":\"2022-11-23T13:01:11+00:00\",\"dateModified\":\"2022-11-24T22:54:43+00:00\",\"breadcrumb\":{\"@id\":\"https:\/\/padregraziano.com\/index.php\/biografia\/#breadcrumb\"},\"inLanguage\":\"pt-BR\",\"potentialAction\":[{\"@type\":\"ReadAction\",\"target\":[\"https:\/\/padregraziano.com\/index.php\/biografia\/\"]}]},{\"@type\":\"BreadcrumbList\",\"@id\":\"https:\/\/padregraziano.com\/index.php\/biografia\/#breadcrumb\",\"itemListElement\":[{\"@type\":\"ListItem\",\"position\":1,\"name\":\"In\u00edcio\",\"item\":\"https:\/\/padregraziano.com\/\"},{\"@type\":\"ListItem\",\"position\":2,\"name\":\"Biografia\"}]},{\"@type\":\"WebSite\",\"@id\":\"https:\/\/padregraziano.com\/#website\",\"url\":\"https:\/\/padregraziano.com\/\",\"name\":\"Memorial Padre Graziano Cirina\",\"description\":\"Site dedicado a manter viva a mem\u00f3ria do padre Graziano Cirina\",\"publisher\":{\"@id\":\"https:\/\/padregraziano.com\/#organization\"},\"potentialAction\":[{\"@type\":\"SearchAction\",\"target\":{\"@type\":\"EntryPoint\",\"urlTemplate\":\"https:\/\/padregraziano.com\/?s={search_term_string}\"},\"query-input\":\"required name=search_term_string\"}],\"inLanguage\":\"pt-BR\"},{\"@type\":\"Organization\",\"@id\":\"https:\/\/padregraziano.com\/#organization\",\"name\":\"Memorial Padre Graziano Cirina\",\"url\":\"https:\/\/padregraziano.com\/\",\"logo\":{\"@type\":\"ImageObject\",\"inLanguage\":\"pt-BR\",\"@id\":\"https:\/\/padregraziano.com\/#\/schema\/logo\/image\/\",\"url\":\"https:\/\/padregraziano.com\/wp-content\/uploads\/2022\/06\/Sem-titulo-1.png\",\"contentUrl\":\"https:\/\/padregraziano.com\/wp-content\/uploads\/2022\/06\/Sem-titulo-1.png\",\"width\":1080,\"height\":361,\"caption\":\"Memorial Padre Graziano Cirina\"},\"image\":{\"@id\":\"https:\/\/padregraziano.com\/#\/schema\/logo\/image\/\"},\"sameAs\":[\"https:\/\/www.instagram.com\/memorialpadregraziano\/\",\"https:\/\/www.youtube.com\/channel\/UC-8LlZNOI_0L6AEaMkpTY5A\",\"https:\/\/www.facebook.com\/MemorialPadreGraziano\"]}]}<\/script>\n<!-- \/ Yoast SEO plugin. -->","yoast_head_json":{"title":"Biografia - Memorial Padre Graziano Cirina","robots":{"index":"index","follow":"follow","max-snippet":"max-snippet:-1","max-image-preview":"max-image-preview:large","max-video-preview":"max-video-preview:-1"},"canonical":"https:\/\/padregraziano.com\/index.php\/biografia\/","og_locale":"pt_BR","og_type":"article","og_title":"Biografia - Memorial Padre Graziano Cirina","og_description":"Uma breve biografia do Padre Graziano 1957 Padre Graziano Cirina, nasceu em 24 de maio de 1957 na cidade de Cagliari, uma ilha na regi\u00e3o da Sardenha, It\u00e1lia. 1984 No ano de 1984 formou-se em Teologia e, posteriormente, concluiu a p\u00f3s-gradua\u00e7\u00e3o em Teologia Pastoral na Pontif\u00edcia Faculdade do Sagrado Cora\u00e7\u00e3o em Mil\u00e3o. E em 23 [&hellip;]","og_url":"https:\/\/padregraziano.com\/index.php\/biografia\/","og_site_name":"Memorial Padre Graziano Cirina","article_publisher":"https:\/\/www.facebook.com\/MemorialPadreGraziano","article_modified_time":"2022-11-24T22:54:43+00:00","og_image":[{"url":"https:\/\/padregraziano.com\/wp-content\/uploads\/2022\/11\/Biografia-1-1.png"}],"twitter_card":"summary_large_image","twitter_misc":{"Est. tempo de leitura":"3 minutos"},"schema":{"@context":"https:\/\/schema.org","@graph":[{"@type":"WebPage","@id":"https:\/\/padregraziano.com\/index.php\/biografia\/","url":"https:\/\/padregraziano.com\/index.php\/biografia\/","name":"Biografia - Memorial Padre Graziano Cirina","isPartOf":{"@id":"https:\/\/padregraziano.com\/#website"},"datePublished":"2022-11-23T13:01:11+00:00","dateModified":"2022-11-24T22:54:43+00:00","breadcrumb":{"@id":"https:\/\/padregraziano.com\/index.php\/biografia\/#breadcrumb"},"inLanguage":"pt-BR","potentialAction":[{"@type":"ReadAction","target":["https:\/\/padregraziano.com\/index.php\/biografia\/"]}]},{"@type":"BreadcrumbList","@id":"https:\/\/padregraziano.com\/index.php\/biografia\/#breadcrumb","itemListElement":[{"@type":"ListItem","position":1,"name":"In\u00edcio","item":"https:\/\/padregraziano.com\/"},{"@type":"ListItem","position":2,"name":"Biografia"}]},{"@type":"WebSite","@id":"https:\/\/padregraziano.com\/#website","url":"https:\/\/padregraziano.com\/","name":"Memorial Padre Graziano Cirina","description":"Site dedicado a manter viva a mem\u00f3ria do padre Graziano Cirina","publisher":{"@id":"https:\/\/padregraziano.com\/#organization"},"potentialAction":[{"@type":"SearchAction","target":{"@type":"EntryPoint","urlTemplate":"https:\/\/padregraziano.com\/?s={search_term_string}"},"query-input":"required name=search_term_string"}],"inLanguage":"pt-BR"},{"@type":"Organization","@id":"https:\/\/padregraziano.com\/#organization","name":"Memorial Padre Graziano Cirina","url":"https:\/\/padregraziano.com\/","logo":{"@type":"ImageObject","inLanguage":"pt-BR","@id":"https:\/\/padregraziano.com\/#\/schema\/logo\/image\/","url":"https:\/\/padregraziano.com\/wp-content\/uploads\/2022\/06\/Sem-titulo-1.png","contentUrl":"https:\/\/padregraziano.com\/wp-content\/uploads\/2022\/06\/Sem-titulo-1.png","width":1080,"height":361,"caption":"Memorial Padre Graziano Cirina"},"image":{"@id":"https:\/\/padregraziano.com\/#\/schema\/logo\/image\/"},"sameAs":["https:\/\/www.instagram.com\/memorialpadregraziano\/","https:\/\/www.youtube.com\/channel\/UC-8LlZNOI_0L6AEaMkpTY5A","https:\/\/www.facebook.com\/MemorialPadreGraziano"]}]}},"_links":{"self":[{"href":"https:\/\/padregraziano.com\/index.php\/wp-json\/wp\/v2\/pages\/454"}],"collection":[{"href":"https:\/\/padregraziano.com\/index.php\/wp-json\/wp\/v2\/pages"}],"about":[{"href":"https:\/\/padregraziano.com\/index.php\/wp-json\/wp\/v2\/types\/page"}],"author":[{"embeddable":true,"href":"https:\/\/padregraziano.com\/index.php\/wp-json\/wp\/v2\/users\/1"}],"replies":[{"embeddable":true,"href":"https:\/\/padregraziano.com\/index.php\/wp-json\/wp\/v2\/comments?post=454"}],"version-history":[{"count":10,"href":"https:\/\/padregraziano.com\/index.php\/wp-json\/wp\/v2\/pages\/454\/revisions"}],"predecessor-version":[{"id":622,"href":"https:\/\/padregraziano.com\/index.php\/wp-json\/wp\/v2\/pages\/454\/revisions\/622"}],"wp:attachment":[{"href":"https:\/\/padregraziano.com\/index.php\/wp-json\/wp\/v2\/media?parent=454"}],"curies":[{"name":"wp","href":"https:\/\/api.w.org\/{rel}","templated":true}]}}