{"id":177,"date":"2022-11-17T10:21:49","date_gmt":"2022-11-17T13:21:49","guid":{"rendered":"https:\/\/padregraziano.com\/?page_id=177"},"modified":"2022-11-23T10:37:36","modified_gmt":"2022-11-23T13:37:36","slug":"voz-do-pastor","status":"publish","type":"page","link":"https:\/\/padregraziano.com\/index.php\/espiritualidade\/voz-do-pastor\/","title":{"rendered":"Voz do pastor"},"content":{"rendered":"\t\t<div data-elementor-type=\"wp-page\" data-elementor-id=\"177\" class=\"elementor elementor-177\">\n\t\t\t\t\t\t\t\t\t<section class=\"elementor-section elementor-top-section elementor-element elementor-element-447187c1 elementor-section-height-min-height elementor-section-full_width elementor-section-height-default elementor-section-items-middle\" data-id=\"447187c1\" data-element_type=\"section\" data-settings=\"{&quot;background_background&quot;:&quot;gradient&quot;,&quot;shape_divider_bottom&quot;:&quot;waves&quot;,&quot;jet_parallax_layout_list&quot;:[]}\">\n\t\t\t\t\t\t\t<div class=\"elementor-background-overlay\"><\/div>\n\t\t\t\t\t\t<div class=\"elementor-shape elementor-shape-bottom\" data-negative=\"false\">\n\t\t\t<svg xmlns=\"http:\/\/www.w3.org\/2000\/svg\" viewBox=\"0 0 1000 100\" preserveAspectRatio=\"none\">\n\t<path class=\"elementor-shape-fill\" d=\"M421.9,6.5c22.6-2.5,51.5,0.4,75.5,5.3c23.6,4.9,70.9,23.5,100.5,35.7c75.8,32.2,133.7,44.5,192.6,49.7\n\tc23.6,2.1,48.7,3.5,103.4-2.5c54.7-6,106.2-25.6,106.2-25.6V0H0v30.3c0,0,72,32.6,158.4,30.5c39.2-0.7,92.8-6.7,134-22.4\n\tc21.2-8.1,52.2-18.2,79.7-24.2C399.3,7.9,411.6,7.5,421.9,6.5z\"\/>\n<\/svg>\t\t<\/div>\n\t\t\t\t\t<div class=\"elementor-container elementor-column-gap-default\">\n\t\t\t\t\t<div class=\"elementor-column elementor-col-100 elementor-top-column elementor-element elementor-element-3b455537\" data-id=\"3b455537\" data-element_type=\"column\">\n\t\t\t<div class=\"elementor-widget-wrap elementor-element-populated\">\n\t\t\t\t\t\t\t\t<div class=\"elementor-element elementor-element-547c5d35 elementor-widget elementor-widget-heading\" data-id=\"547c5d35\" data-element_type=\"widget\" data-widget_type=\"heading.default\">\n\t\t\t\t<div class=\"elementor-widget-container\">\n\t\t\t<style>\/*! elementor - v3.8.1 - 13-11-2022 *\/\n.elementor-heading-title{padding:0;margin:0;line-height:1}.elementor-widget-heading .elementor-heading-title[class*=elementor-size-]>a{color:inherit;font-size:inherit;line-height:inherit}.elementor-widget-heading .elementor-heading-title.elementor-size-small{font-size:15px}.elementor-widget-heading .elementor-heading-title.elementor-size-medium{font-size:19px}.elementor-widget-heading .elementor-heading-title.elementor-size-large{font-size:29px}.elementor-widget-heading .elementor-heading-title.elementor-size-xl{font-size:39px}.elementor-widget-heading .elementor-heading-title.elementor-size-xxl{font-size:59px}<\/style><h3 class=\"elementor-heading-title elementor-size-default\">Textos publicados originalmente no jornal \"Um s\u00f3 Cora\u00e7\u00e3o\" e site da Par\u00f3quia Sagrado Cora\u00e7\u00e3o de Jesus<\/h3>\t\t<\/div>\n\t\t\t\t<\/div>\n\t\t\t\t\t<\/div>\n\t\t<\/div>\n\t\t\t\t\t\t\t<\/div>\n\t\t<\/section>\n\t\t\t\t<section class=\"elementor-section elementor-top-section elementor-element elementor-element-23a02bf2 elementor-section-boxed elementor-section-height-default elementor-section-height-default\" data-id=\"23a02bf2\" data-element_type=\"section\" data-settings=\"{&quot;background_background&quot;:&quot;classic&quot;,&quot;jet_parallax_layout_list&quot;:[]}\">\n\t\t\t\t\t\t<div class=\"elementor-container elementor-column-gap-default\">\n\t\t\t\t\t<div class=\"elementor-column elementor-col-100 elementor-top-column elementor-element elementor-element-5a91ac5\" data-id=\"5a91ac5\" data-element_type=\"column\">\n\t\t\t<div class=\"elementor-widget-wrap elementor-element-populated\">\n\t\t\t\t\t\t\t\t<div class=\"elementor-element elementor-element-5574cfd0 elementor-posts--align-center elementor-grid-3 elementor-grid-tablet-2 elementor-grid-mobile-1 elementor-posts--thumbnail-top elementor-card-shadow-yes elementor-posts__hover-gradient elementor-widget elementor-widget-posts\" data-id=\"5574cfd0\" data-element_type=\"widget\" data-settings=\"{&quot;cards_row_gap&quot;:{&quot;unit&quot;:&quot;px&quot;,&quot;size&quot;:&quot;30&quot;,&quot;sizes&quot;:[]},&quot;pagination_type&quot;:&quot;numbers&quot;,&quot;cards_columns&quot;:&quot;3&quot;,&quot;cards_columns_tablet&quot;:&quot;2&quot;,&quot;cards_columns_mobile&quot;:&quot;1&quot;,&quot;cards_row_gap_tablet&quot;:{&quot;unit&quot;:&quot;px&quot;,&quot;size&quot;:&quot;&quot;,&quot;sizes&quot;:[]},&quot;cards_row_gap_mobile&quot;:{&quot;unit&quot;:&quot;px&quot;,&quot;size&quot;:&quot;&quot;,&quot;sizes&quot;:[]}}\" data-widget_type=\"posts.cards\">\n\t\t\t\t<div class=\"elementor-widget-container\">\n\t\t\t<link rel=\"stylesheet\" href=\"https:\/\/padregraziano.com\/wp-content\/plugins\/elementor-pro\/assets\/css\/widget-posts.min.css\">\t\t<div class=\"elementor-posts-container elementor-posts elementor-posts--skin-cards elementor-grid\">\n\t\t\t\t<article class=\"elementor-post elementor-grid-item post-824 post type-post status-publish format-standard has-post-thumbnail hentry category-voz-do-pastor tag-espiritualidade tag-semana-santa tag-tempo-pascal tag-voz-do-pastor entry has-media\">\n\t\t\t<div class=\"elementor-post__card\">\n\t\t\t\t<a class=\"elementor-post__thumbnail__link\" href=\"https:\/\/padregraziano.com\/index.php\/2023\/04\/09\/reflexao-tempo-pascal-padre-graziano\/\" target=\"_blank\"><div class=\"elementor-post__thumbnail\"><img loading=\"lazy\" decoding=\"async\" width=\"1080\" height=\"1080\" src=\"https:\/\/padregraziano.com\/wp-content\/uploads\/2023\/03\/Domingo-de-pascoa-2023_02.png\" class=\"attachment-full size-full\" alt=\"\" srcset=\"https:\/\/padregraziano.com\/wp-content\/uploads\/2023\/03\/Domingo-de-pascoa-2023_02.png 1080w, https:\/\/padregraziano.com\/wp-content\/uploads\/2023\/03\/Domingo-de-pascoa-2023_02-300x300.png 300w, https:\/\/padregraziano.com\/wp-content\/uploads\/2023\/03\/Domingo-de-pascoa-2023_02-1024x1024.png 1024w, https:\/\/padregraziano.com\/wp-content\/uploads\/2023\/03\/Domingo-de-pascoa-2023_02-150x150.png 150w, https:\/\/padregraziano.com\/wp-content\/uploads\/2023\/03\/Domingo-de-pascoa-2023_02-768x768.png 768w, https:\/\/padregraziano.com\/wp-content\/uploads\/2023\/03\/Domingo-de-pascoa-2023_02-600x600.png 600w\" sizes=\"(max-width: 1080px) 100vw, 1080px\" \/><\/div><\/a>\n\t\t\t\t<div class=\"elementor-post__badge\">Voz do Pastor<\/div>\n\t\t\t\t<div class=\"elementor-post__text\">\n\t\t\t\t<h3 class=\"elementor-post__title\">\n\t\t\t<a href=\"https:\/\/padregraziano.com\/index.php\/2023\/04\/09\/reflexao-tempo-pascal-padre-graziano\/\" target=&quot;_blank&quot;>\n\t\t\t\t<strong>A Cultura da Ressurrei\u00e7\u00e3o<\/strong>\t\t\t<\/a>\n\t\t<\/h3>\n\t\t\t\t<div class=\"elementor-post__excerpt\">\n\t\t\t<p>Voz do pastor \u2013 Abril 2016 (09\/04\/2016) Acabamos de celebrar a P\u00e1scoa, agora vamos caminhar rumo ao Pentecostes. A palavra Pentecostes significa \u201cquinquag\u00e9simo\u201d e se<\/p>\n\t\t<\/div>\n\t\t\t\t<\/div>\n\t\t\t\t<div class=\"elementor-post__meta-data\">\n\t\t\t\t\t<span class=\"elementor-post-date\">\n\t\t\t9 de abril de 2023\t\t<\/span>\n\t\t\t\t<\/div>\n\t\t\t\t\t<\/div>\n\t\t<\/article>\n\t\t\t\t<article class=\"elementor-post elementor-grid-item post-781 post type-post status-publish format-standard has-post-thumbnail hentry category-homilias category-voz-do-pastor tag-ano-a tag-espiritualidade tag-homilias tag-quaresma tag-voz-do-pastor entry has-media\">\n\t\t\t<div class=\"elementor-post__card\">\n\t\t\t\t<a class=\"elementor-post__thumbnail__link\" href=\"https:\/\/padregraziano.com\/index.php\/2023\/02\/22\/homilia-quarta-feira-de-cinzas-padre-graziano\/\" target=\"_blank\"><div class=\"elementor-post__thumbnail\"><img loading=\"lazy\" decoding=\"async\" width=\"1080\" height=\"1080\" src=\"https:\/\/padregraziano.com\/wp-content\/uploads\/2023\/02\/Quarta-feira-de-cinzas_02.png\" class=\"attachment-full size-full\" alt=\"\" srcset=\"https:\/\/padregraziano.com\/wp-content\/uploads\/2023\/02\/Quarta-feira-de-cinzas_02.png 1080w, https:\/\/padregraziano.com\/wp-content\/uploads\/2023\/02\/Quarta-feira-de-cinzas_02-300x300.png 300w, https:\/\/padregraziano.com\/wp-content\/uploads\/2023\/02\/Quarta-feira-de-cinzas_02-1024x1024.png 1024w, https:\/\/padregraziano.com\/wp-content\/uploads\/2023\/02\/Quarta-feira-de-cinzas_02-150x150.png 150w, https:\/\/padregraziano.com\/wp-content\/uploads\/2023\/02\/Quarta-feira-de-cinzas_02-768x768.png 768w, https:\/\/padregraziano.com\/wp-content\/uploads\/2023\/02\/Quarta-feira-de-cinzas_02-600x600.png 600w\" sizes=\"(max-width: 1080px) 100vw, 1080px\" \/><\/div><\/a>\n\t\t\t\t<div class=\"elementor-post__badge\">Homilias<\/div>\n\t\t\t\t<div class=\"elementor-post__text\">\n\t\t\t\t<h3 class=\"elementor-post__title\">\n\t\t\t<a href=\"https:\/\/padregraziano.com\/index.php\/2023\/02\/22\/homilia-quarta-feira-de-cinzas-padre-graziano\/\" target=&quot;_blank&quot;>\n\t\t\t\t<strong>Cinzas que me questionam<\/strong><strong><\/strong>\t\t\t<\/a>\n\t\t<\/h3>\n\t\t\t\t<div class=\"elementor-post__excerpt\">\n\t\t\t<p>Voz do pastor | Jornal um s\u00f3 cora\u00e7\u00e3o Edi\u00e7\u00e3o de fevereiro de 2012 Leituras: Jl 2,12-18 Sl 50(51),3-4.5-6a.12-13.14 e 17 (R. cf. 3a) 2Cor 5,20-6,2<\/p>\n\t\t<\/div>\n\t\t\t\t<\/div>\n\t\t\t\t<div class=\"elementor-post__meta-data\">\n\t\t\t\t\t<span class=\"elementor-post-date\">\n\t\t\t22 de fevereiro de 2023\t\t<\/span>\n\t\t\t\t<\/div>\n\t\t\t\t\t<\/div>\n\t\t<\/article>\n\t\t\t\t<article class=\"elementor-post elementor-grid-item post-777 post type-post status-publish format-standard has-post-thumbnail hentry category-espiritualidade category-homilias category-voz-do-pastor tag-ano-a tag-espiritualidade tag-homilias tag-voz-do-pastor entry has-media\">\n\t\t\t<div class=\"elementor-post__card\">\n\t\t\t\t<a class=\"elementor-post__thumbnail__link\" href=\"https:\/\/padregraziano.com\/index.php\/2023\/02\/22\/e-book-padre-graziano\/\" target=\"_blank\"><div class=\"elementor-post__thumbnail\"><img loading=\"lazy\" decoding=\"async\" width=\"1080\" height=\"1080\" src=\"https:\/\/padregraziano.com\/wp-content\/uploads\/2023\/02\/Divulgacao-ebook-padre-Graziano_02.png\" class=\"attachment-full size-full\" alt=\"\" srcset=\"https:\/\/padregraziano.com\/wp-content\/uploads\/2023\/02\/Divulgacao-ebook-padre-Graziano_02.png 1080w, https:\/\/padregraziano.com\/wp-content\/uploads\/2023\/02\/Divulgacao-ebook-padre-Graziano_02-300x300.png 300w, https:\/\/padregraziano.com\/wp-content\/uploads\/2023\/02\/Divulgacao-ebook-padre-Graziano_02-1024x1024.png 1024w, https:\/\/padregraziano.com\/wp-content\/uploads\/2023\/02\/Divulgacao-ebook-padre-Graziano_02-150x150.png 150w, https:\/\/padregraziano.com\/wp-content\/uploads\/2023\/02\/Divulgacao-ebook-padre-Graziano_02-768x768.png 768w, https:\/\/padregraziano.com\/wp-content\/uploads\/2023\/02\/Divulgacao-ebook-padre-Graziano_02-600x600.png 600w\" sizes=\"(max-width: 1080px) 100vw, 1080px\" \/><\/div><\/a>\n\t\t\t\t<div class=\"elementor-post__badge\">Espiritualidade<\/div>\n\t\t\t\t<div class=\"elementor-post__text\">\n\t\t\t\t<h3 class=\"elementor-post__title\">\n\t\t\t<a href=\"https:\/\/padregraziano.com\/index.php\/2023\/02\/22\/e-book-padre-graziano\/\" target=&quot;_blank&quot;>\n\t\t\t\tE-book Quaresma com Padre Graziano\t\t\t<\/a>\n\t\t<\/h3>\n\t\t\t\t<div class=\"elementor-post__excerpt\">\n\t\t\t<p>Ao longo de meses a equipe do Memorial Padre Graziano Cirina pesquisou, compilou e revisou diversos textos escritos pelo padre Graziano para site e o<\/p>\n\t\t<\/div>\n\t\t\t\t<\/div>\n\t\t\t\t<div class=\"elementor-post__meta-data\">\n\t\t\t\t\t<span class=\"elementor-post-date\">\n\t\t\t22 de fevereiro de 2023\t\t<\/span>\n\t\t\t\t<\/div>\n\t\t\t\t\t<\/div>\n\t\t<\/article>\n\t\t\t\t<\/div>\n\t\t\n\t\t\t\t<div class=\"e-load-more-anchor\" data-page=\"1\" data-max-page=\"2\" data-next-page=\"https:\/\/padregraziano.com\/index.php\/wp-json\/wp\/v2\/pages\/177\/page\/2\/\"><\/div>\n\t\t\t\t<nav class=\"elementor-pagination\" aria-label=\"Pagina\u00e7\u00e3o\">\n\t\t\t<span aria-current=\"page\" class=\"page-numbers current\"><span class=\"elementor-screen-only\">P\u00e1gina<\/span>1<\/span>\n<a class=\"page-numbers\" href=\"https:\/\/padregraziano.com\/index.php\/wp-json\/wp\/v2\/pages\/177\/page\/2\/\"><span class=\"elementor-screen-only\">P\u00e1gina<\/span>2<\/a>\t\t<\/nav>\n\t\t\t\t<\/div>\n\t\t\t\t<\/div>\n\t\t\t\t\t<\/div>\n\t\t<\/div>\n\t\t\t\t\t\t\t<\/div>\n\t\t<\/section>\n\t\t<div class=\"elementor-element elementor-element-27631c0d e-con-boxed e-con\" data-id=\"27631c0d\" data-element_type=\"container\" data-settings=\"{&quot;content_width&quot;:&quot;boxed&quot;}\">\n\t\t\t\t\t<div class=\"e-con-inner\">\n\t\t\t\t<div class=\"elementor-element elementor-element-387e74d1 elementor-headline--style-highlight elementor-widget elementor-widget-animated-headline\" data-id=\"387e74d1\" data-element_type=\"widget\" data-settings=\"{&quot;highlighted_text&quot;:&quot;Padre Graziano&quot;,&quot;headline_style&quot;:&quot;highlight&quot;,&quot;marker&quot;:&quot;circle&quot;,&quot;loop&quot;:&quot;yes&quot;,&quot;highlight_animation_duration&quot;:1200,&quot;highlight_iteration_delay&quot;:8000}\" data-widget_type=\"animated-headline.default\">\n\t\t\t\t<div class=\"elementor-widget-container\">\n\t\t\t<link rel=\"stylesheet\" href=\"https:\/\/padregraziano.com\/wp-content\/plugins\/elementor-pro\/assets\/css\/widget-animated-headline.min.css\">\t\t<h3 class=\"elementor-headline\">\n\t\t\t\t\t<span class=\"elementor-headline-plain-text elementor-headline-text-wrapper\">Leia mais do <\/span>\n\t\t\t\t<span class=\"elementor-headline-dynamic-wrapper elementor-headline-text-wrapper\">\n\t\t\t\t\t<span class=\"elementor-headline-dynamic-text elementor-headline-text-active\">Padre Graziano<\/span>\n\t\t\t\t<\/span>\n\t\t\t\t<\/h3>\n\t\t\t\t<\/div>\n\t\t\t\t<\/div>\n\t\t\t\t\t<\/div>\n\t\t\t\t<\/div>\n\t\t<div class=\"elementor-element elementor-element-8b6ac7c e-con-boxed e-con\" data-id=\"8b6ac7c\" data-element_type=\"container\" data-settings=\"{&quot;content_width&quot;:&quot;boxed&quot;}\">\n\t\t\t\t\t<div class=\"e-con-inner\">\n\t\t<div class=\"elementor-element elementor-element-c11d1f1 e-con-boxed e-con\" data-id=\"c11d1f1\" data-element_type=\"container\" data-settings=\"{&quot;background_background&quot;:&quot;classic&quot;,&quot;content_width&quot;:&quot;boxed&quot;}\">\n\t\t\t\t\t<div class=\"e-con-inner\">\n\t\t<div class=\"elementor-element elementor-element-fab8c7f e-con-full e-con\" data-id=\"fab8c7f\" data-element_type=\"container\" data-settings=\"{&quot;content_width&quot;:&quot;full&quot;}\">\n\t\t\t\t<div class=\"elementor-element elementor-element-b9c2bb0 elementor-widget elementor-widget-heading\" data-id=\"b9c2bb0\" data-element_type=\"widget\" data-widget_type=\"heading.default\">\n\t\t\t\t<div class=\"elementor-widget-container\">\n\t\t\t<h2 class=\"elementor-heading-title elementor-size-default\">Navegue pelos temas<\/h2>\t\t<\/div>\n\t\t\t\t<\/div>\n\t\t\t\t<\/div>\n\t\t<div class=\"elementor-element elementor-element-27460cc e-con-full e-con\" data-id=\"27460cc\" data-element_type=\"container\" data-settings=\"{&quot;content_width&quot;:&quot;full&quot;}\">\n\t\t\t\t<div class=\"elementor-element elementor-element-2460777 elementor-nav-menu--dropdown-tablet elementor-nav-menu__text-align-aside elementor-widget elementor-widget-nav-menu\" data-id=\"2460777\" data-element_type=\"widget\" data-settings=\"{&quot;layout&quot;:&quot;horizontal&quot;,&quot;submenu_icon&quot;:{&quot;value&quot;:&quot;&lt;i class=\\&quot;fas fa-caret-down\\&quot;&gt;&lt;\\\/i&gt;&quot;,&quot;library&quot;:&quot;fa-solid&quot;}}\" data-widget_type=\"nav-menu.default\">\n\t\t\t\t<div class=\"elementor-widget-container\">\n\t\t\t<link rel=\"stylesheet\" href=\"https:\/\/padregraziano.com\/wp-content\/plugins\/elementor-pro\/assets\/css\/widget-nav-menu.min.css\">\t\t\t<nav migration_allowed=\"1\" migrated=\"0\" class=\"elementor-nav-menu--main elementor-nav-menu__container elementor-nav-menu--layout-horizontal e--pointer-background e--animation-fade\">\n\t\t\t\t<ul id=\"menu-1-2460777\" class=\"elementor-nav-menu\"><li class=\"menu-item menu-item-type-post_type menu-item-object-page menu-item-399\"><a href=\"https:\/\/padregraziano.com\/index.php\/espiritualidade\/homilias\/\" class=\"elementor-item\">Homilias<\/a><\/li>\n<li class=\"menu-item menu-item-type-post_type menu-item-object-page menu-item-400\"><a href=\"https:\/\/padregraziano.com\/index.php\/espiritualidade\/videos\/\" class=\"elementor-item\">V\u00eddeos<\/a><\/li>\n<li class=\"menu-item menu-item-type-post_type menu-item-object-page menu-item-398\"><a href=\"https:\/\/padregraziano.com\/index.php\/espiritualidade\/voz-do-pastor\/\" class=\"elementor-item\">Voz do pastor<\/a><\/li>\n<\/ul>\t\t\t<\/nav>\n\t\t\t\t\t<div class=\"elementor-menu-toggle\" role=\"button\" tabindex=\"0\" aria-label=\"Alternar menu\" aria-expanded=\"false\">\n\t\t\t<i aria-hidden=\"true\" role=\"presentation\" class=\"elementor-menu-toggle__icon--open eicon-menu-bar\"><\/i><i aria-hidden=\"true\" role=\"presentation\" class=\"elementor-menu-toggle__icon--close eicon-close\"><\/i>\t\t\t<span class=\"elementor-screen-only\">Menu<\/span>\n\t\t<\/div>\n\t\t\t<nav class=\"elementor-nav-menu--dropdown elementor-nav-menu__container\" aria-hidden=\"true\">\n\t\t\t\t<ul id=\"menu-2-2460777\" class=\"elementor-nav-menu\"><li class=\"menu-item menu-item-type-post_type menu-item-object-page menu-item-399\"><a href=\"https:\/\/padregraziano.com\/index.php\/espiritualidade\/homilias\/\" class=\"elementor-item\" tabindex=\"-1\">Homilias<\/a><\/li>\n<li class=\"menu-item menu-item-type-post_type menu-item-object-page menu-item-400\"><a href=\"https:\/\/padregraziano.com\/index.php\/espiritualidade\/videos\/\" class=\"elementor-item\" tabindex=\"-1\">V\u00eddeos<\/a><\/li>\n<li class=\"menu-item menu-item-type-post_type menu-item-object-page menu-item-398\"><a href=\"https:\/\/padregraziano.com\/index.php\/espiritualidade\/voz-do-pastor\/\" class=\"elementor-item\" tabindex=\"-1\">Voz do pastor<\/a><\/li>\n<\/ul>\t\t\t<\/nav>\n\t\t\t\t<\/div>\n\t\t\t\t<\/div>\n\t\t\t\t<\/div>\n\t\t\t\t\t<\/div>\n\t\t\t\t<\/div>\n\t\t\t\t\t<\/div>\n\t\t\t\t<\/div>\n\t\t\t\t\t\t\t<\/div>\n\t\t","protected":false},"excerpt":{"rendered":"<p>Textos publicados originalmente no jornal &#8220;Um s\u00f3 Cora\u00e7\u00e3o&#8221; e site da Par\u00f3quia Sagrado Cora\u00e7\u00e3o de Jesus Leia mais do Padre Graziano Navegue pelos temas<\/p>\n","protected":false},"author":1,"featured_media":0,"parent":148,"menu_order":0,"comment_status":"closed","ping_status":"closed","template":"elementor_header_footer","meta":{"footnotes":""},"yoast_head":"<!-- This site is optimized with the Yoast SEO plugin v19.11 - https:\/\/yoast.com\/wordpress\/plugins\/seo\/ -->\n<title>Voz do pastor - Memorial Padre Graziano Cirina<\/title>\n<meta name=\"robots\" content=\"index, follow, max-snippet:-1, max-image-preview:large, max-video-preview:-1\" \/>\n<link rel=\"canonical\" href=\"https:\/\/padregraziano.com\/index.php\/espiritualidade\/voz-do-pastor\/\" \/>\n<meta property=\"og:locale\" content=\"pt_BR\" \/>\n<meta property=\"og:type\" content=\"article\" \/>\n<meta property=\"og:title\" content=\"Voz do pastor - Memorial Padre Graziano Cirina\" \/>\n<meta property=\"og:description\" content=\"Textos publicados originalmente no jornal &#8220;Um s\u00f3 Cora\u00e7\u00e3o&#8221; e site da Par\u00f3quia Sagrado Cora\u00e7\u00e3o de Jesus Leia mais do Padre Graziano Navegue pelos temas\" \/>\n<meta property=\"og:url\" content=\"https:\/\/padregraziano.com\/index.php\/espiritualidade\/voz-do-pastor\/\" \/>\n<meta property=\"og:site_name\" content=\"Memorial Padre Graziano Cirina\" \/>\n<meta property=\"article:publisher\" content=\"https:\/\/www.facebook.com\/MemorialPadreGraziano\" \/>\n<meta property=\"article:modified_time\" content=\"2022-11-23T13:37:36+00:00\" \/>\n<meta name=\"twitter:card\" content=\"summary_large_image\" \/>\n<script type=\"application\/ld+json\" class=\"yoast-schema-graph\">{\"@context\":\"https:\/\/schema.org\",\"@graph\":[{\"@type\":\"WebPage\",\"@id\":\"https:\/\/padregraziano.com\/index.php\/espiritualidade\/voz-do-pastor\/\",\"url\":\"https:\/\/padregraziano.com\/index.php\/espiritualidade\/voz-do-pastor\/\",\"name\":\"Voz do pastor - Memorial Padre Graziano Cirina\",\"isPartOf\":{\"@id\":\"https:\/\/padregraziano.com\/#website\"},\"datePublished\":\"2022-11-17T13:21:49+00:00\",\"dateModified\":\"2022-11-23T13:37:36+00:00\",\"breadcrumb\":{\"@id\":\"https:\/\/padregraziano.com\/index.php\/espiritualidade\/voz-do-pastor\/#breadcrumb\"},\"inLanguage\":\"pt-BR\",\"potentialAction\":[{\"@type\":\"ReadAction\",\"target\":[\"https:\/\/padregraziano.com\/index.php\/espiritualidade\/voz-do-pastor\/\"]}]},{\"@type\":\"BreadcrumbList\",\"@id\":\"https:\/\/padregraziano.com\/index.php\/espiritualidade\/voz-do-pastor\/#breadcrumb\",\"itemListElement\":[{\"@type\":\"ListItem\",\"position\":1,\"name\":\"In\u00edcio\",\"item\":\"https:\/\/padregraziano.com\/\"},{\"@type\":\"ListItem\",\"position\":2,\"name\":\"Espiritualidade\",\"item\":\"https:\/\/padregraziano.com\/index.php\/espiritualidade\/\"},{\"@type\":\"ListItem\",\"position\":3,\"name\":\"Voz do pastor\"}]},{\"@type\":\"WebSite\",\"@id\":\"https:\/\/padregraziano.com\/#website\",\"url\":\"https:\/\/padregraziano.com\/\",\"name\":\"Memorial Padre Graziano Cirina\",\"description\":\"Site dedicado a manter viva a mem\u00f3ria do padre Graziano Cirina\",\"publisher\":{\"@id\":\"https:\/\/padregraziano.com\/#organization\"},\"potentialAction\":[{\"@type\":\"SearchAction\",\"target\":{\"@type\":\"EntryPoint\",\"urlTemplate\":\"https:\/\/padregraziano.com\/?s={search_term_string}\"},\"query-input\":\"required name=search_term_string\"}],\"inLanguage\":\"pt-BR\"},{\"@type\":\"Organization\",\"@id\":\"https:\/\/padregraziano.com\/#organization\",\"name\":\"Memorial Padre Graziano Cirina\",\"url\":\"https:\/\/padregraziano.com\/\",\"logo\":{\"@type\":\"ImageObject\",\"inLanguage\":\"pt-BR\",\"@id\":\"https:\/\/padregraziano.com\/#\/schema\/logo\/image\/\",\"url\":\"https:\/\/padregraziano.com\/wp-content\/uploads\/2022\/06\/Sem-titulo-1.png\",\"contentUrl\":\"https:\/\/padregraziano.com\/wp-content\/uploads\/2022\/06\/Sem-titulo-1.png\",\"width\":1080,\"height\":361,\"caption\":\"Memorial Padre Graziano Cirina\"},\"image\":{\"@id\":\"https:\/\/padregraziano.com\/#\/schema\/logo\/image\/\"},\"sameAs\":[\"https:\/\/www.instagram.com\/memorialpadregraziano\/\",\"https:\/\/www.youtube.com\/channel\/UC-8LlZNOI_0L6AEaMkpTY5A\",\"https:\/\/www.facebook.com\/MemorialPadreGraziano\"]}]}<\/script>\n<!-- \/ Yoast SEO plugin. -->","yoast_head_json":{"title":"Voz do pastor - Memorial Padre Graziano Cirina","robots":{"index":"index","follow":"follow","max-snippet":"max-snippet:-1","max-image-preview":"max-image-preview:large","max-video-preview":"max-video-preview:-1"},"canonical":"https:\/\/padregraziano.com\/index.php\/espiritualidade\/voz-do-pastor\/","og_locale":"pt_BR","og_type":"article","og_title":"Voz do pastor - Memorial Padre Graziano Cirina","og_description":"Textos publicados originalmente no jornal &#8220;Um s\u00f3 Cora\u00e7\u00e3o&#8221; e site da Par\u00f3quia Sagrado Cora\u00e7\u00e3o de Jesus Leia mais do Padre Graziano Navegue pelos temas","og_url":"https:\/\/padregraziano.com\/index.php\/espiritualidade\/voz-do-pastor\/","og_site_name":"Memorial Padre Graziano Cirina","article_publisher":"https:\/\/www.facebook.com\/MemorialPadreGraziano","article_modified_time":"2022-11-23T13:37:36+00:00","twitter_card":"summary_large_image","schema":{"@context":"https:\/\/schema.org","@graph":[{"@type":"WebPage","@id":"https:\/\/padregraziano.com\/index.php\/espiritualidade\/voz-do-pastor\/","url":"https:\/\/padregraziano.com\/index.php\/espiritualidade\/voz-do-pastor\/","name":"Voz do pastor - Memorial Padre Graziano Cirina","isPartOf":{"@id":"https:\/\/padregraziano.com\/#website"},"datePublished":"2022-11-17T13:21:49+00:00","dateModified":"2022-11-23T13:37:36+00:00","breadcrumb":{"@id":"https:\/\/padregraziano.com\/index.php\/espiritualidade\/voz-do-pastor\/#breadcrumb"},"inLanguage":"pt-BR","potentialAction":[{"@type":"ReadAction","target":["https:\/\/padregraziano.com\/index.php\/espiritualidade\/voz-do-pastor\/"]}]},{"@type":"BreadcrumbList","@id":"https:\/\/padregraziano.com\/index.php\/espiritualidade\/voz-do-pastor\/#breadcrumb","itemListElement":[{"@type":"ListItem","position":1,"name":"In\u00edcio","item":"https:\/\/padregraziano.com\/"},{"@type":"ListItem","position":2,"name":"Espiritualidade","item":"https:\/\/padregraziano.com\/index.php\/espiritualidade\/"},{"@type":"ListItem","position":3,"name":"Voz do pastor"}]},{"@type":"WebSite","@id":"https:\/\/padregraziano.com\/#website","url":"https:\/\/padregraziano.com\/","name":"Memorial Padre Graziano Cirina","description":"Site dedicado a manter viva a mem\u00f3ria do padre Graziano Cirina","publisher":{"@id":"https:\/\/padregraziano.com\/#organization"},"potentialAction":[{"@type":"SearchAction","target":{"@type":"EntryPoint","urlTemplate":"https:\/\/padregraziano.com\/?s={search_term_string}"},"query-input":"required name=search_term_string"}],"inLanguage":"pt-BR"},{"@type":"Organization","@id":"https:\/\/padregraziano.com\/#organization","name":"Memorial Padre Graziano Cirina","url":"https:\/\/padregraziano.com\/","logo":{"@type":"ImageObject","inLanguage":"pt-BR","@id":"https:\/\/padregraziano.com\/#\/schema\/logo\/image\/","url":"https:\/\/padregraziano.com\/wp-content\/uploads\/2022\/06\/Sem-titulo-1.png","contentUrl":"https:\/\/padregraziano.com\/wp-content\/uploads\/2022\/06\/Sem-titulo-1.png","width":1080,"height":361,"caption":"Memorial Padre Graziano Cirina"},"image":{"@id":"https:\/\/padregraziano.com\/#\/schema\/logo\/image\/"},"sameAs":["https:\/\/www.instagram.com\/memorialpadregraziano\/","https:\/\/www.youtube.com\/channel\/UC-8LlZNOI_0L6AEaMkpTY5A","https:\/\/www.facebook.com\/MemorialPadreGraziano"]}]}},"_links":{"self":[{"href":"https:\/\/padregraziano.com\/index.php\/wp-json\/wp\/v2\/pages\/177"}],"collection":[{"href":"https:\/\/padregraziano.com\/index.php\/wp-json\/wp\/v2\/pages"}],"about":[{"href":"https:\/\/padregraziano.com\/index.php\/wp-json\/wp\/v2\/types\/page"}],"author":[{"embeddable":true,"href":"https:\/\/padregraziano.com\/index.php\/wp-json\/wp\/v2\/users\/1"}],"replies":[{"embeddable":true,"href":"https:\/\/padregraziano.com\/index.php\/wp-json\/wp\/v2\/comments?post=177"}],"version-history":[{"count":28,"href":"https:\/\/padregraziano.com\/index.php\/wp-json\/wp\/v2\/pages\/177\/revisions"}],"predecessor-version":[{"id":480,"href":"https:\/\/padregraziano.com\/index.php\/wp-json\/wp\/v2\/pages\/177\/revisions\/480"}],"up":[{"embeddable":true,"href":"https:\/\/padregraziano.com\/index.php\/wp-json\/wp\/v2\/pages\/148"}],"wp:attachment":[{"href":"https:\/\/padregraziano.com\/index.php\/wp-json\/wp\/v2\/media?parent=177"}],"curies":[{"name":"wp","href":"https:\/\/api.w.org\/{rel}","templated":true}]}}